first derivative of -3*n**2/2 - 18*n - 273. List the prime factors of i(z).
3
Let y = 1699 + -1204. Let k be (-48)/20*((-10)/(-4))/(-1). Suppose 159 + y = k*x. What are the prime factors of x?
109
Suppose r - 10*r + 21627 = 0. Suppose -17*s + 5332 = -r. List the prime factors of s.
5, 7, 13
Let n(m) = -2*m**2 + 5. Let o be n(-4). Let g be (o/36)/(3/(-12) - 0). Suppose 5*f - 1025 = g*y, -2*y + 127 = f - 65. List the prime factors of f.
2, 101
Let c = -596 - -1175. Suppose 5*u - c = 2*u - 2*k, -5*u + 2*k + 981 = 0. Let s = u - 117. List the prime factors of s.
2, 3, 13
Suppose 14*w - 189 = -13*w. List the prime factors of -4 + (9 - w) + 643.
641
Let g(i) = 3*i**3 - 13*i**2 + 6*i + 3. Let w(h) = -7*h**3 + 27*h**2 - 11*h - 5. Let s(q) = -5*g(q) - 2*w(q). What are the prime factors of s(8)?
3, 41
Let b = -19 - -24. Suppose -4 = -2*m + 6*m + 4*v, 0 = -5*m - v - 1. Suppose -2*x = t - 74, -t + 6*t - b*x - 415 = m. List the prime factors of t.
2, 5
Suppose 2*k + 4761 = 3*b - 4012, 0 = -5*b + 4*k + 14625. Let h = b - 2038. List the prime factors of h.
883
Let n = -52 - -70. Suppose -n*u + 19*u = 153. Suppose 0 = -l - 5, 2*t = 4*t - 3*l - u. List the prime factors of t.
3, 23
What are the prime factors of (15*742460/(-60) + 2/1)/(-3)?
61871
What are the prime factors of 5919*-1*(-3)/(-9)*(-4 - 1)?
5, 1973
Suppose -67601 + 5816 = -9*z. What are the prime factors of z?
5, 1373
Let n(x) = -6*x - 47. Let j(q) = -11*q - 4. Let y(w) = -16*w - 6. Let c(f) = 7*j(f) - 5*y(f). Let o be c(-7). List the prime factors of n(o).
67
Suppose 22*o - 148949 = 189701 + 36340. List the prime factors of o.
5, 7, 487
Let m(x) = 3*x**3 + x**2 - 2*x - 4. Let d be m(3). Let w = -39 + d. Let f = 51 - w. What are the prime factors of f?
2, 5
Let p(y) = -y**2 - 128*y - 130. What are the prime factors of p(-104)?
2, 7, 13
Let b = 57125 - 26196. List the prime factors of b.
157, 197
Suppose 10*g - 14*g = 56. What are the prime factors of (-2132)/g - 6/21?
2, 19
Suppose 20 = 12*g - 4. Suppose -2*h + g*u = -40, -5*h + 0*h - 4*u + 136 = 0. List the prime factors of ((-7)/((-14)/h))/((-17)/(-204)).
2, 3
List the prime factors of 2/(((-8)/(-6))/((-19)/((-1083)/291574))).
7673
Suppose 28*i - 24*i - 40 = 0. Let p be 4/i - 1808/120*6. What are the prime factors of (p/(-72))/((-2)/(-144))?
2, 3, 5
Let o(p) = -1173*p**3 + 3*p - 2. Let f be o(1). Let r = -617 - f. What are the prime factors of r?
3, 5, 37
What are the prime factors of 1844392/40 - (-164)/(-205)?
7, 941
Suppose -4*s = -4*b - 0*b + 372, 2*b + s - 171 = 0. Suppose 2*g = 3*g - 3*p - b, 4*g = 2*p + 352. Suppose 0 = -6*a + 568 - g. What are the prime factors of a?
2, 5
Suppose 2*o = -4*w - 16, -11*o - 12 = 4*w - 7*o. List the prime factors of w/5*-362 - 3.
359
Suppose -6*v + 112 - 22 = 0. Suppose -v*z - 8289 = 2601. List the prime factors of (2/(-6))/((-4)/z)*-2.
11
List the prime factors of (-13 + 27 - -842) + 15.
13, 67
Suppose -419*a + 55 = -424*a. List the prime factors of (-9229)/a - (5 - 2).
2, 11, 19
Let s(l) = -8 + 35 + 22*l**2 + l**3 - l - 9*l + 1. What are the prime factors of s(-13)?
23, 73
What are the prime factors of 104936/16 + (-24)/(-16)?
2, 5, 41
Suppose -4*y - 24*f + 101988 = 0, -5*y + f + 10061 = -117579. What are the prime factors of y?
3, 67, 127
Let s be -6 + 9 + 4 + 1276. Suppose c + 14*u - 253 = 10*u, -2*u + s = 5*c. List the prime factors of c.
257
Let z(j) = -40764*j**3 + j**2 - j - 4. What are the prime factors of z(-1)?
2, 89, 229
Let i = 97 + -105. What are the prime factors of 3*(1 + -32)*(i + 7)?
3, 31
Let r(y) = -y**3 - 23*y**2 - 63*y - 34. Let i be r(-20). List the prime factors of (13/i)/(3/(-2 + 344)).
3, 19
Let w(o) = 51*o**2 + 7*o - 12. Let a be w(6). Suppose -1844 = -5*j + a. Suppose -3*f = 4*z - 2*z - 375, 0 = -4*z + 2*f + j. What are the prime factors of z?
2, 3, 31
Suppose 44*j - 1618393 - 783446 = -192995. List the prime factors of j.
17, 2953
Let y = -182 + 311. Let x = 298 - y. List the prime factors of x.
13
Let h = 83 - 82. Let f be 2074/18 + h/9*-2. Suppose -125 = -2*g - g + 4*t, -3*g = -2*t - f. What are the prime factors of g?
5, 7
Suppose -8*q + 24923 = 1927 - 51804. What are the prime factors of q?
2, 5, 11, 17
Let s = 117 - -128. Let l = -201 + s. What are the prime factors of l?
2, 11
Let r(v) = -396*v**3 - 23*v - 43. What are the prime factors of r(-3)?
2, 23, 233
Let t(d) = 8146*d - 3237. List the prime factors of t(6).
3, 11, 461
Suppose 8*t = -16*t + 6*t. What are the prime factors of (-2)/(8/(-1156) - t)?
17
Let t(u) = 24*u**2 - 26*u + 3. Let h be t(8). Suppose -8*i = -7*i - 4*n - 354, 0 = -4*i - n + h. What are the prime factors of i?
2, 167
Let m = -481 - 1077. Let u = m - -2826. What are the prime factors of u?
2, 317
Suppose -91 = -285*s + 278*s. Suppose -s*k - 27820 = -33*k. List the prime factors of k.
13, 107
Let v(a) be the third derivative of 5/24*a**4 + 23/30*a**5 + a**2 + 5/6*a**3 + 6*a + 0. What are the prime factors of v(-2)?
179
Suppose -9 = -3*k, 0*g + 315 = 4*g - 3*k. Suppose -3*v - g = -y, -2*y + 0*v + 157 = -v. What are the prime factors of y?
2, 3, 13
Let d(o) = 28*o**3 + 3*o**2 + 28*o - 263. List the prime factors of d(7).
2, 3, 269
Let j(h) be the second derivative of 11*h**4/12 + h**3/3 - 7*h**2 + h. List the prime factors of j(7).
7, 11
Let o = 55983 + -39319. What are the prime factors of o?
2, 2083
Let l(b) = b**2 + 11*b + 4. Let v be l(-13). Suppose -v = -9*k + 3*k. Suppose -x = k*u - 266, 2*u = 6*u + 5*x - 196. List the prime factors of u.
2, 3
Let n(l) = 5144*l - 483. What are the prime factors of n(2)?
5, 37, 53
Let q be 1/((-6)/12) - (125 - -1). Let p = q - -138. What are the prime factors of p?
2, 5
List the prime factors of 36/21 + (-721929)/(-91).
3, 5, 23
Let q(k) = k**3 - 25*k**2 + 23*k + 22. Let w be q(24). Let s be ((-67)/w - -5)/(2/(-4)). Let v = s - -110. List the prime factors of v.
3, 11
Suppose -89797 = -8*i - 4661. What are the prime factors of i?
2, 17, 313
Suppose -3*g + 2*g = -5*i - 366, 0 = -i - 2. Suppose g = 2*k - 2*a - 36, 198 = k - 2*a. What are the prime factors of k?
2, 97
Let t be 6/12*-124*(2 + -79). Suppose -714 = -14*j + t. What are the prime factors of j?
2, 7
Let h(x) = x + 24 - 2*x - 2*x + 0*x. What are the prime factors of h(-2)?
2, 3, 5
Suppose -4*d + 17 = 3*i, d - 4*i = -4*d + 60. Suppose -p = -d*p + 329. Suppose 7 = -2*j + p. What are the prime factors of j?
2, 5
Let i(x) = 20*x + 75. Let b(p) = 22*p + 78. Let h(k) = -6*b(k) + 4*i(k). List the prime factors of h(-21).
2, 3, 7, 11
Suppose -q + 10 - 67 = 0. Let z = 56 + q. List the prime factors of 2 - (52 - z)*-1.
5, 11
Suppose -10*s + 53982 - 21236 = -119174. What are the prime factors of s?
2, 3, 211
Let b = 133222 - 94835. List the prime factors of b.
23, 1669
Let q = 70 + -65. List the prime factors of -6 + q/(30/222).
31
Let z = -32 - -36. Suppose -z*o + 11 = x, -2*x + 2*o = -3*x + 7. Let u(f) = 28*f**2 - 17*f - 2. List the prime factors of u(x).
199
Let l be (0/49)/(2/2). Suppose 5*x - 4*k - 71 = 0, l*k + 25 = 2*x - 5*k. List the prime factors of x.
3, 5
Let b = -24 - 68. Let j = -94 - b. What are the prime factors of 1/(3/(-1398)*j) - -2?
5, 47
Suppose 22*g - 38298 = 11782 + 132080. What are the prime factors of g?
2, 3, 5, 23
Let a = 4667 + -4599. Let b(p) = -p**3 - p + 108. Let c be b(0). Let j = c - a. List the prime factors of j.
2, 5
Let y(a) = 7*a**2 - 105*a - 25. Let i be y(18). Suppose -i = g - 1660. What are the prime factors of g?
1307
Let q(t) = -t**2 + t. Suppose -5*m = 10 - 0. Let y(v) = -2*v**2 - 3*v + 3. Let d(n) = m*q(n) - y(n). What are the prime factors of d(4)?
5, 13
Let j = -1326 - -1948. Let p = -138 + j. List the prime factors of p.
2, 11
Let d(n) = -6*n - 4. Let r be (5/10)/((-1)/4). Let i be d(r). Suppose i*s - 99 = 1213. List the prime factors of s.
2, 41
Suppose -3*o - 16 = -34. Suppose o*j = j + 555. What are the prime factors of j?
3, 37
Let o = 9 + -36. Let a be (214/6)/((-5)/(-30)). Let g = a - o. List the prime factors of g.
241
Let w = 29144 - 7531. What are the prime factors of w?
21613
Let b(k) = -31*k**2 - 30*k - 101. Let r be b(-9). Let y = -1363 - r. What are the prime factors of y?
11, 89
Suppose 43*x = 80*x - 14319. List the prime factors of x.
3, 43
Let h(f) = -374*f + 25. Let t(d) = d**2 + 22*d - 3. Let r be t(-2